

{"id":296,"date":"2016-05-31T12:36:47","date_gmt":"2016-05-31T10:36:47","guid":{"rendered":"https:\/\/www.fiore-di-muntagna.com\/?page_id=296"},"modified":"2021-05-24T14:25:33","modified_gmt":"2021-05-24T12:25:33","slug":"wine-list","status":"publish","type":"page","link":"https:\/\/www.fiore-di-muntagna.com\/?page_id=296","title":{"rendered":"Nos fromages corses"},"content":{"rendered":"<p>[vc_row full_width=\u00a0\u00bbstretch_row_content_no_spaces\u00a0\u00bb full_height=\u00a0\u00bbyes\u00a0\u00bb columns_placement=\u00a0\u00bbstretch\u00a0\u00bb content_placement=\u00a0\u00bbmiddle\u00a0\u00bb][vc_column]<a id=\"sc_anchor_fromage1\" class=\"sc_anchor\" \n\t\ttitle=\"fromage1\" \n\t\tdata-icon=\"\" \n\t\tdata-url=\"\"\n><\/a><div  \n\tclass=\"sc_promo sc_promo_default sc_promo_size_large\"\n\t\t><div class=\"sc_promo_image\" style=\"background-color:#f7f7f5;background-image:url(https:\/\/www.fiore-di-muntagna.com\/wp-content\/uploads\/2016\/12\/12322874_983024768400938_5129105893419333021_o.jpg);width:50%;right: 0;\"><\/div><div class=\"sc_promo_text trx_addons_stretch_height\" style=\"width: 50%;float: left;\">\n\t\t\t<div class=\"sc_promo_text_inner sc_align_center\" style=\"\"><h2 class=\"sc_item_title sc_promo_title\">P'tit Baldo<\/h2><div class=\"sc_item_descr sc_promo_descr\">Fromage \u00e0 p\u00e2te molle de forme ronde au lait cru, moul\u00e9 en multi moule, caill\u00e9 pr\u00e9sure, salage \u00e0 sec par saupoudrage, cro\u00fbte lav\u00e9e de couleur naturelle orang\u00e9e, affinage de 30 jours minimum.<br \/>\nM\u00e9daille d\u2019or en 2018 au CGA.<br \/>\nM\u00e9daille d'or concours international Lyon 2021<\/div><div class=\"sc_item_button sc_promo_button sc_button_wrap\"><a href=\"https:\/\/www.fiore-di-muntagna.com\/?product=ptit-baldo\"\n\t \n\tclass=\"sc_button sc_button_simple sc_button_size_normal sc_button_icon_top\"\n\t\t><span class=\"sc_button_icon\"><span class=\"icon-down-big\"><\/span><\/span><span class=\"sc_button_text\"><span class=\"sc_button_title\">D\u00e9couvrez ce fromage<\/span><\/span><!-- \/.sc_button_text --><\/a><!-- \/.sc_button --><\/div><!-- \/.sc_item_button sc_promo_button --><\/div>\n\t\t<\/div><!-- \/.sc_promo_text --><\/div><!-- \/.sc_promo -->[\/vc_column][\/vc_row][vc_row full_width=\u00a0\u00bbstretch_row_content_no_spaces\u00a0\u00bb full_height=\u00a0\u00bbyes\u00a0\u00bb columns_placement=\u00a0\u00bbstretch\u00a0\u00bb content_placement=\u00a0\u00bbmiddle\u00a0\u00bb][vc_column]<a id=\"sc_anchor_fromage2\" class=\"sc_anchor\" \n\t\ttitle=\"fromage2\" \n\t\tdata-icon=\"\" \n\t\tdata-url=\"\"\n><\/a><div  \n\tclass=\"sc_promo sc_promo_default sc_promo_size_large\"\n\t\t><div class=\"sc_promo_image\" style=\"background-color:#f7f7f5;background-image:url(https:\/\/www.fiore-di-muntagna.com\/wp-content\/uploads\/2016\/05\/15123420_1152094858160594_2464720470127575080_o.jpg);width:50%;left: 0;\"><\/div><div class=\"sc_promo_text trx_addons_stretch_height\" style=\"width: 50%;float: right;\">\n\t\t\t<div class=\"sc_promo_text_inner sc_align_center\" style=\"\"><h2 class=\"sc_item_title sc_promo_title\"><small>Fiore di Muntagna<\/small><br>Petit Brebis<\/h2><div class=\"sc_item_descr sc_promo_descr\">Fromage \u00e0 p\u00e2te molle de forme ronde au lait cru, moul\u00e9 en multi moule, caill\u00e9 pr\u00e9sure, salage \u00e0 sec par saupoudrage, cro\u00fbte lav\u00e9e de couleur naturelle orang\u00e9e, affinage de 30 jours minimum.<br \/>\nM\u00e9daille d\u2019argent 2009, M\u00e9daille de bronze 2009 CGA Paris, m\u00e9daille d\u2019argent 2013.<br \/>\nM\u00e9daille d'Or concours international Lyon 2021.<\/div><div class=\"sc_item_button sc_promo_button sc_button_wrap\"><a href=\"https:\/\/www.fiore-di-muntagna.com\/?product=petitbrebisfdm\"\n\t \n\tclass=\"sc_button sc_button_simple sc_button_size_normal sc_button_icon_top\"\n\t\t><span class=\"sc_button_icon\"><span class=\"icon-down-big\"><\/span><\/span><span class=\"sc_button_text\"><span class=\"sc_button_title\">D\u00e9couvrez ce fromage<\/span><\/span><!-- \/.sc_button_text --><\/a><!-- \/.sc_button --><\/div><!-- \/.sc_item_button sc_promo_button --><\/div>\n\t\t<\/div><!-- \/.sc_promo_text --><\/div><!-- \/.sc_promo -->[\/vc_column][\/vc_row][vc_row full_width=\u00a0\u00bbstretch_row_content_no_spaces\u00a0\u00bb full_height=\u00a0\u00bbyes\u00a0\u00bb columns_placement=\u00a0\u00bbstretch\u00a0\u00bb content_placement=\u00a0\u00bbmiddle\u00a0\u00bb][vc_column]<a id=\"sc_anchor_lomalta_2010\" class=\"sc_anchor\" \n\t\ttitle=\"Lomalta 2010\" \n\t\tdata-icon=\"\" \n\t\tdata-url=\"\"\n><\/a><div  \n\tclass=\"sc_promo sc_promo_default sc_promo_size_large\"\n\t\t><div class=\"sc_promo_image\" style=\"background-color:#f7f7f5;background-image:url(https:\/\/www.fiore-di-muntagna.com\/wp-content\/uploads\/2016\/06\/15369246_1173860382650708_4214367595695137116_o.jpg);width:50%;right: 0;\"><\/div><div class=\"sc_promo_text trx_addons_stretch_height\" style=\"width: 50%;float: left;\">\n\t\t\t<div class=\"sc_promo_text_inner sc_align_center\" style=\"\"><h2 class=\"sc_item_title sc_promo_title\"><small>Fiore di muntagna<\/small><br>Tomette<\/h2><h5 class=\"sc_item_subtitle sc_promo_subtitle\">Tomette \u00e0 l'ancienne et mini tomette<\/h5><div class=\"sc_item_descr sc_promo_descr\">Fromage \u00e0 p\u00e2te ferme et onctueuse de forme ronde d\u2019environ 700 g  (tomette) accoupl\u00e9e<br \/>\nd'environ 450g (mini tomette)<br \/>\nau lait cru ,caill\u00e9 pr\u00e9sure ,moulage en faisselles traditionnelles , salage \u00e0 sec \u00e0 la main, cro\u00fbte lav\u00e9e de couleur naturelle orang\u00e9e, puis fleurie en vieillissant, affinage 45 \u00e0 90 jours.<br \/>\nM\u00e9daille d'argent concours international Lyon 2021<\/div><div class=\"sc_item_button sc_promo_button sc_button_wrap\"><a href=\"https:\/\/www.fiore-di-muntagna.com\/?product=1837-cabernet-merlot\"\n\t \n\tclass=\"sc_button sc_button_simple sc_button_size_normal sc_button_icon_top\"\n\t\t><span class=\"sc_button_icon\"><span class=\"icon-down-big\"><\/span><\/span><span class=\"sc_button_text\"><span class=\"sc_button_title\">D\u00e9couvrez ce fromage<\/span><\/span><!-- \/.sc_button_text --><\/a><!-- \/.sc_button --><\/div><!-- \/.sc_item_button sc_promo_button --><\/div>\n\t\t<\/div><!-- \/.sc_promo_text --><\/div><!-- \/.sc_promo -->[\/vc_column][\/vc_row][vc_row full_width=\u00a0\u00bbstretch_row_content_no_spaces\u00a0\u00bb full_height=\u00a0\u00bbyes\u00a0\u00bb columns_placement=\u00a0\u00bbstretch\u00a0\u00bb content_placement=\u00a0\u00bbmiddle\u00a0\u00bb][vc_column]<a id=\"sc_anchor_fromage3\" class=\"sc_anchor\" \n\t\ttitle=\"fromage3\" \n\t\tdata-icon=\"\" \n\t\tdata-url=\"\"\n><\/a><div  \n\tclass=\"sc_promo sc_promo_default sc_promo_size_large\"\n\t\t><div class=\"sc_promo_image\" style=\"background-color:#f7f7f5;background-image:url(https:\/\/www.fiore-di-muntagna.com\/wp-content\/uploads\/2016\/06\/10928955_789030627800354_8924324253464707100_o.jpg);width:50%;left: 0;\"><\/div><div class=\"sc_promo_text trx_addons_stretch_height\" style=\"width: 50%;float: right;\">\n\t\t\t<div class=\"sc_promo_text_inner sc_align_center\" style=\"\"><h2 class=\"sc_item_title sc_promo_title\">Brocciu frais<\/h2><h5 class=\"sc_item_subtitle sc_promo_subtitle\">L'embl\u00e9matique fromage corse<\/h5><div class=\"sc_item_descr sc_promo_descr\">Brocciu frais AOP de brebis.<br \/>\nFabriqu\u00e9 \u00e0 partir de lactos\u00e9rum frais de brebis, cuisson \u00e0 flamme directe en cuve, moulage \u00e0 la main.(conditionn\u00e9 sous vide pour une conservation \u00e0 21 jours)<\/div><div class=\"sc_item_button sc_promo_button sc_button_wrap\"><a href=\"https:\/\/www.fiore-di-muntagna.com\/?product=reeves-point\"\n\t \n\tclass=\"sc_button sc_button_simple sc_button_size_normal sc_button_icon_top\"\n\t\t><span class=\"sc_button_icon\"><span class=\"icon-down-big\"><\/span><\/span><span class=\"sc_button_text\"><span class=\"sc_button_title\">D\u00e9couvrez ce fromage<\/span><\/span><!-- \/.sc_button_text --><\/a><!-- \/.sc_button --><\/div><!-- \/.sc_item_button sc_promo_button --><\/div>\n\t\t<\/div><!-- \/.sc_promo_text --><\/div><!-- \/.sc_promo -->[\/vc_column][\/vc_row][vc_row full_width=\u00a0\u00bbstretch_row_content_no_spaces\u00a0\u00bb full_height=\u00a0\u00bbyes\u00a0\u00bb columns_placement=\u00a0\u00bbstretch\u00a0\u00bb content_placement=\u00a0\u00bbmiddle\u00a0\u00bb][vc_column]<a id=\"sc_anchor_fromage5\" class=\"sc_anchor\" \n\t\ttitle=\"fromage5\" \n\t\tdata-icon=\"\" \n\t\tdata-url=\"\"\n><\/a><div  \n\tclass=\"sc_promo sc_promo_default sc_promo_size_large\"\n\t\t><div class=\"sc_promo_image\" style=\"background-color:#f7f7f5;background-image:url(https:\/\/www.fiore-di-muntagna.com\/wp-content\/uploads\/2016\/12\/10492952_695150590521692_9194339119379369369_o.jpg);width:50%;right: 0;\"><\/div><div class=\"sc_promo_text trx_addons_stretch_height\" style=\"width: 50%;float: left;\">\n\t\t\t<div class=\"sc_promo_text_inner sc_align_center\" style=\"\"><h2 class=\"sc_item_title sc_promo_title\">Corsetin nature ou au thym<\/h2><div class=\"sc_item_descr sc_promo_descr\">Petit fromage de 200 g au lait cru, caillage 12 \u00e0 24h, moulage en multi-moule, salage \u00e0 sec, maturation 10 \u00e0 15 jours, cro\u00fbtage blanc bleu (p\u00e9nicillium, candidum et album).<\/div><div class=\"sc_item_button sc_promo_button sc_button_wrap\"><a href=\"https:\/\/www.fiore-di-muntagna.com\/?product=corsetin\"\n\t \n\tclass=\"sc_button sc_button_simple sc_button_size_normal sc_button_icon_top\"\n\t\t><span class=\"sc_button_icon\"><span class=\"icon-down-big\"><\/span><\/span><span class=\"sc_button_text\"><span class=\"sc_button_title\">D\u00e9couvrez ce fromage<\/span><\/span><!-- \/.sc_button_text --><\/a><!-- \/.sc_button --><\/div><!-- \/.sc_item_button sc_promo_button --><\/div>\n\t\t<\/div><!-- \/.sc_promo_text --><\/div><!-- \/.sc_promo -->[\/vc_column][\/vc_row][vc_row full_width=\u00a0\u00bbstretch_row_content_no_spaces\u00a0\u00bb full_height=\u00a0\u00bbyes\u00a0\u00bb columns_placement=\u00a0\u00bbstretch\u00a0\u00bb content_placement=\u00a0\u00bbmiddle\u00a0\u00bb][vc_column]<a id=\"sc_anchor_fromage4\" class=\"sc_anchor\" \n\t\ttitle=\"fromage4\" \n\t\tdata-icon=\"\" \n\t\tdata-url=\"\"\n><\/a><div  \n\tclass=\"sc_promo sc_promo_default sc_promo_size_large\"\n\t\t><div class=\"sc_promo_image\" style=\"background-color:#f7f7f5;background-image:url(https:\/\/www.fiore-di-muntagna.com\/wp-content\/uploads\/2016\/06\/13161829_1011186578918090_4938024906921018230_o.jpg);width:50%;left: 0;\"><\/div><div class=\"sc_promo_text trx_addons_stretch_height\" style=\"width: 50%;float: right;\">\n\t\t\t<div class=\"sc_promo_text_inner sc_align_center\" style=\"\"><h2 class=\"sc_item_title sc_promo_title\">Brocciu passu<\/h2><div class=\"sc_item_descr sc_promo_descr\">Fromage de lactos\u00e9rum de brebis, p\u00e2te cuite, forme ronde de 400 g environ, salage \u00e0 la main, s\u00e9chage ventil\u00e9 10 \u00e0 21 jours, p\u00e2te souple, se coupe en tranche, se r\u00e2pe, se frit \u2026. Produit traditionnel, se couvre de p\u00e9nicillium en vieillissant.(blanc bleu).<\/div><div class=\"sc_item_button sc_promo_button sc_button_wrap\"><a href=\"https:\/\/www.fiore-di-muntagna.com\/?product=steingarten\"\n\t \n\tclass=\"sc_button sc_button_simple sc_button_size_normal sc_button_icon_top\"\n\t\t><span class=\"sc_button_icon\"><span class=\"icon-down-big\"><\/span><\/span><span class=\"sc_button_text\"><span class=\"sc_button_title\">D\u00e9couvrez ce fromage<\/span><\/span><!-- \/.sc_button_text --><\/a><!-- \/.sc_button --><\/div><!-- \/.sc_item_button sc_promo_button --><\/div>\n\t\t<\/div><!-- \/.sc_promo_text --><\/div><!-- \/.sc_promo -->[\/vc_column][\/vc_row][vc_row full_width=\u00a0\u00bbstretch_row_content_no_spaces\u00a0\u00bb full_height=\u00a0\u00bbyes\u00a0\u00bb columns_placement=\u00a0\u00bbstretch\u00a0\u00bb content_placement=\u00a0\u00bbmiddle\u00a0\u00bb][vc_column]<a id=\"sc_anchor_fromage6\" class=\"sc_anchor\" \n\t\ttitle=\"fromage6\" \n\t\tdata-icon=\"\" \n\t\tdata-url=\"\"\n><\/a><div  \n\tclass=\"sc_promo sc_promo_default sc_promo_size_large\"\n\t\t><div class=\"sc_promo_image\" style=\"background-color:#f7f7f5;background-image:url(https:\/\/www.fiore-di-muntagna.com\/wp-content\/uploads\/2016\/12\/12963501_1000556206647794_4639849518805064891_n.jpg);width:50%;right: 0;\"><\/div><div class=\"sc_promo_text trx_addons_stretch_height\" style=\"width: 50%;float: left;\">\n\t\t\t<div class=\"sc_promo_text_inner sc_align_center\" style=\"\"><h2 class=\"sc_item_title sc_promo_title\"><small>Fiore di Muntagna<\/small><br>P\u00e2te Forte<\/h2><h5 class=\"sc_item_subtitle sc_promo_subtitle\">P\u00e2te \u00e0 fromage Corse dit \u2018\u2019 Casgiu merzu \u2018\u2019<\/h5><div class=\"sc_item_descr sc_promo_descr\">P\u00e2te de fromages de brebis et de m\u00e9lange brebis ch\u00e8vre, fabriqu\u00e9e \u00e0 partir de vieux fromages affin\u00e9s, \u00e9pluch\u00e9s et moulin\u00e9s. Refermentation de 3 mois et mise en pot. Aucun ajout.<\/div><div class=\"sc_item_button sc_promo_button sc_button_wrap\"><a href=\"https:\/\/www.fiore-di-muntagna.com\/?product=pate-forte\"\n\t \n\tclass=\"sc_button sc_button_simple sc_button_size_normal sc_button_icon_top\"\n\t\t><span class=\"sc_button_icon\"><span class=\"icon-down-big\"><\/span><\/span><span class=\"sc_button_text\"><span class=\"sc_button_title\">D\u00e9couvrez ce fromage<\/span><\/span><!-- \/.sc_button_text --><\/a><!-- \/.sc_button --><\/div><!-- \/.sc_item_button sc_promo_button --><\/div>\n\t\t<\/div><!-- \/.sc_promo_text --><\/div><!-- \/.sc_promo -->[\/vc_column][\/vc_row][vc_row][vc_column]<a id=\"sc_anchor_footer_menu\" class=\"sc_anchor\" \n\t\ttitle=\"Footer Menu\" \n\t\tdata-icon=\"\" \n\t\tdata-url=\"\"\n><\/a>[\/vc_column][\/vc_row]<\/p>\n","protected":false},"excerpt":{"rendered":"<p>[vc_row full_width=\u00a0\u00bbstretch_row_content_no_spaces\u00a0\u00bb full_height=\u00a0\u00bbyes\u00a0\u00bb columns_placement=\u00a0\u00bbstretch\u00a0\u00bb content_placement=\u00a0\u00bbmiddle\u00a0\u00bb][vc_column][\/vc_column][\/vc_row][vc_row full_width=\u00a0\u00bbstretch_row_content_no_spaces\u00a0\u00bb full_height=\u00a0\u00bbyes\u00a0\u00bb columns_placement=\u00a0\u00bbstretch\u00a0\u00bb content_placement=\u00a0\u00bbmiddle\u00a0\u00bb][vc_column][\/vc_column][\/vc_row][vc_row full_width=\u00a0\u00bbstretch_row_content_no_spaces\u00a0\u00bb full_height=\u00a0\u00bbyes\u00a0\u00bb columns_placement=\u00a0\u00bbstretch\u00a0\u00bb content_placement=\u00a0\u00bbmiddle\u00a0\u00bb][vc_column][\/vc_column][\/vc_row][vc_row full_width=\u00a0\u00bbstretch_row_content_no_spaces\u00a0\u00bb full_height=\u00a0\u00bbyes\u00a0\u00bb columns_placement=\u00a0\u00bbstretch\u00a0\u00bb content_placement=\u00a0\u00bbmiddle\u00a0\u00bb][vc_column][\/vc_column][\/vc_row][vc_row full_width=\u00a0\u00bbstretch_row_content_no_spaces\u00a0\u00bb full_height=\u00a0\u00bbyes\u00a0\u00bb columns_placement=\u00a0\u00bbstretch\u00a0\u00bb content_placement=\u00a0\u00bbmiddle\u00a0\u00bb][vc_column][\/vc_column][\/vc_row][vc_row full_width=\u00a0\u00bbstretch_row_content_no_spaces\u00a0\u00bb full_height=\u00a0\u00bbyes\u00a0\u00bb columns_placement=\u00a0\u00bbstretch\u00a0\u00bb content_placement=\u00a0\u00bbmiddle\u00a0\u00bb][vc_column][\/vc_column][\/vc_row][vc_row full_width=\u00a0\u00bbstretch_row_content_no_spaces\u00a0\u00bb full_height=\u00a0\u00bbyes\u00a0\u00bb columns_placement=\u00a0\u00bbstretch\u00a0\u00bb content_placement=\u00a0\u00bbmiddle\u00a0\u00bb][vc_column][\/vc_column][\/vc_row][vc_row][vc_column][\/vc_column][\/vc_row]<\/p>\n","protected":false},"author":1,"featured_media":0,"parent":0,"menu_order":0,"comment_status":"closed","ping_status":"closed","template":"","meta":[],"_links":{"self":[{"href":"https:\/\/www.fiore-di-muntagna.com\/index.php?rest_route=\/wp\/v2\/pages\/296"}],"collection":[{"href":"https:\/\/www.fiore-di-muntagna.com\/index.php?rest_route=\/wp\/v2\/pages"}],"about":[{"href":"https:\/\/www.fiore-di-muntagna.com\/index.php?rest_route=\/wp\/v2\/types\/page"}],"author":[{"embeddable":true,"href":"https:\/\/www.fiore-di-muntagna.com\/index.php?rest_route=\/wp\/v2\/users\/1"}],"replies":[{"embeddable":true,"href":"https:\/\/www.fiore-di-muntagna.com\/index.php?rest_route=%2Fwp%2Fv2%2Fcomments&post=296"}],"version-history":[{"count":31,"href":"https:\/\/www.fiore-di-muntagna.com\/index.php?rest_route=\/wp\/v2\/pages\/296\/revisions"}],"predecessor-version":[{"id":1341,"href":"https:\/\/www.fiore-di-muntagna.com\/index.php?rest_route=\/wp\/v2\/pages\/296\/revisions\/1341"}],"wp:attachment":[{"href":"https:\/\/www.fiore-di-muntagna.com\/index.php?rest_route=%2Fwp%2Fv2%2Fmedia&parent=296"}],"curies":[{"name":"wp","href":"https:\/\/api.w.org\/{rel}","templated":true}]}}