

{"id":974,"date":"2016-12-14T12:23:42","date_gmt":"2016-12-14T11:23:42","guid":{"rendered":"https:\/\/www.fiore-di-muntagna.com\/?page_id=974"},"modified":"2024-07-06T09:40:56","modified_gmt":"2024-07-06T07:40:56","slug":"vente-directe","status":"publish","type":"page","link":"https:\/\/www.fiore-di-muntagna.com\/?page_id=974","title":{"rendered":"Vente directe \u00e0 la fromagerie en saison."},"content":{"rendered":"<p>[vc_row full_width=\u00a0\u00bbstretch_row_content_no_spaces\u00a0\u00bb][vc_column][vc_single_image image=\u00a0\u00bb1130&Prime; img_size=\u00a0\u00bbfull\u00a0\u00bb][\/vc_column][\/vc_row][vc_row full_width=\u00a0\u00bbstretch_row_content\u00a0\u00bb gap=\u00a0\u00bb10&Prime;][vc_column width=\u00a0\u00bb1\/3&Prime;][vc_single_image image=\u00a0\u00bb1126&Prime; img_size=\u00a0\u00bblarge\u00a0\u00bb][\/vc_column][vc_column width=\u00a0\u00bb1\/3&Prime;][vc_column_text]<\/p>\n<h3 style=\"text-align: center;\">Notre boutique<\/h3>\n<p style=\"text-align: center;\">Venez nous rendre visite \u00e0 la fromagerie et d\u00e9couvrez notre boutique de vente directe de nos fromages et de produits de notre vall\u00e9e de Tagnone.<\/p>\n<p style=\"text-align: center;\">La d\u00e9gustation est gratuite,espace vid\u00e9o sur notre fromagerie.<\/p>\n<p style=\"text-align: center;\">Nous sommes ouverts de mi-avril \u00e0 mi-septembre (selon nos stocks) le matin de 8h \u00e0 13h.(du lundi au vendredi).<\/p>\n<p style=\"text-align: center;\">Attention,nous sommes ferm\u00e9s l&rsquo;apr\u00e8s midi.<\/p>\n<p style=\"text-align: center;\">Ferm\u00e9s les samedis et dimanches.<\/p>\n<p>[\/vc_column_text][\/vc_column][vc_column width=\u00a0\u00bb1\/3&Prime;][vc_column_text]<\/p>\n<h3 style=\"text-align: center;\">Une activit\u00e9 saisonni\u00e8re&#8230;<\/h3>\n<p style=\"text-align: center;\">Notre activit\u00e9 est saisonni\u00e8re car li\u00e9e au cycle de lactation des brebis.<\/p>\n<p>Les femelles pr\u00e9coces mettent bas en septembre &#8211; octobre et \u00e9l\u00e8vent d\u2019abord leurs petits.La saison de lait commence en novembre avec la vente des agneaux et dure jusque fin juin. Les animaux ont pris le b\u00e9lier, et les grosses chaleurs d\u2019\u00e9t\u00e9 arrivant, la production de lait s\u2019\u00e9teint doucement jusqu\u2019aux prochaines mises bas.<\/p>\n<p>C&rsquo;est pourquoi nous ne produisons pas du fromage toute l&rsquo;ann\u00e9e.<\/p>\n<p>[\/vc_column_text][\/vc_column][\/vc_row]<\/p>\n","protected":false},"excerpt":{"rendered":"<p>[vc_row full_width=\u00a0\u00bbstretch_row_content_no_spaces\u00a0\u00bb][vc_column][vc_single_image image=\u00a0\u00bb1130&Prime; img_size=\u00a0\u00bbfull\u00a0\u00bb][\/vc_column][\/vc_row][vc_row full_width=\u00a0\u00bbstretch_row_content\u00a0\u00bb gap=\u00a0\u00bb10&Prime;][vc_column width=\u00a0\u00bb1\/3&Prime;][vc_single_image image=\u00a0\u00bb1126&Prime; img_size=\u00a0\u00bblarge\u00a0\u00bb][\/vc_column][vc_column width=\u00a0\u00bb1\/3&Prime;][vc_column_text] Notre boutique Venez nous rendre visite \u00e0 la fromagerie et d\u00e9couvrez notre boutique de vente directe de nos fromages et de produits de notre vall\u00e9e de Tagnone. La d\u00e9gustation est gratuite,espace vid\u00e9o sur notre fromagerie. Nous sommes ouverts de mi-avril \u00e0 mi-septembre (selon nos stocks) le matin de 8h \u00e0&hellip;<\/p>\n","protected":false},"author":1,"featured_media":0,"parent":0,"menu_order":0,"comment_status":"closed","ping_status":"closed","template":"","meta":[],"_links":{"self":[{"href":"https:\/\/www.fiore-di-muntagna.com\/index.php?rest_route=\/wp\/v2\/pages\/974"}],"collection":[{"href":"https:\/\/www.fiore-di-muntagna.com\/index.php?rest_route=\/wp\/v2\/pages"}],"about":[{"href":"https:\/\/www.fiore-di-muntagna.com\/index.php?rest_route=\/wp\/v2\/types\/page"}],"author":[{"embeddable":true,"href":"https:\/\/www.fiore-di-muntagna.com\/index.php?rest_route=\/wp\/v2\/users\/1"}],"replies":[{"embeddable":true,"href":"https:\/\/www.fiore-di-muntagna.com\/index.php?rest_route=%2Fwp%2Fv2%2Fcomments&post=974"}],"version-history":[{"count":15,"href":"https:\/\/www.fiore-di-muntagna.com\/index.php?rest_route=\/wp\/v2\/pages\/974\/revisions"}],"predecessor-version":[{"id":1367,"href":"https:\/\/www.fiore-di-muntagna.com\/index.php?rest_route=\/wp\/v2\/pages\/974\/revisions\/1367"}],"wp:attachment":[{"href":"https:\/\/www.fiore-di-muntagna.com\/index.php?rest_route=%2Fwp%2Fv2%2Fmedia&parent=974"}],"curies":[{"name":"wp","href":"https:\/\/api.w.org\/{rel}","templated":true}]}}